6)/27)/(-1 + r/3) is divided by 9.
8
Suppose 4*s - 193 = 3*h, 2*s - 91 = 5*h + 16. What is the remainder when 182 is divided by s?
44
Let a(d) = 17*d + 127. Suppose 13*g + 112 = 34. What is the remainder when 90 is divided by a(g)?
15
Calculate the remainder when -28 + (-6750)/(-243) + (-40952)/(-9) is divided by 2265.
20
Suppose -7 = -2*k - 3. Suppose 0 = 3*a - 13 - k. Suppose -a*s - 72 = -13*s. Calculate the remainder when 24 is divided by s.
6
Let c(w) = 2*w**3 - 8*w**2 + 3*w + 7. Let s = -2158 - -2305. Calculate the remainder when s is divided by c(4).
14
Let o(x) = x**3 + 12*x**2 - 14*x + 24. Let b = -1113 - -1123. Calculate the remainder when o(-13) is divided by b.
7
Suppose 63*h + 170 = 65*h. Suppose -16*r - h + 405 = 0. Calculate the remainder when r is divided by 6.
2
Suppose -s + 81 = 4*q, 0 = -2*s - 2*q + 4*q + 182. Suppose -10*o + 151 + s = 0. What is the remainder when 65 is divided by o?
17
Suppose 0 = 47*h - 41*h - 672. Suppose 0 = -7*j + 154 + 7. Calculate the remainder when h is divided by j.
20
Suppose 4 = -9*y + 13*y. Let u = -5 + y. Calculate the remainder when u + -3 + 97 - (-1 + -1) is divided by 24.
20
Let j(r) = -136*r + 12*r**2 + 60 - r**3 + 248*r - 128*r. What is the remainder when (48/(-10))/(3/(-15)) is divided by j(11)?
4
Let p(j) = 7*j - 6. Suppose 54*k = 49*k + 375. What is the remainder when k is divided by p(5)?
17
Suppose 2*y + 7*y - 18 = 0. Suppose -5*j = 3*g - 457, -y*g + 0*g + 97 = j. Let b = 117 - 71. Calculate the remainder when j is divided by b.
43
Let d = -4 + 17. Suppose 2*b - 7*b = -3*g + 206, 0 = -3*g + 2*b + 212. Suppose -11*a + g = -170. What is the remainder when a is divided by d?
9
Let z(w) = -w**2 - 2*w + 8. Let y(b) = 4*b**2 + 11*b - 3. Let g be y(-3). What is the remainder when (-2 + -55)*8/(-12) is divided by z(g)?
6
Let k(z) = z**2 + 12*z + 10. Suppose -16 = 3*j + b, -j + 2*b - 2 = 1. What is the remainder when j - (4 - 4) - -44 is divided by k(-12)?
9
Let l(c) be the first derivative of -111*c**4/4 + c**3 - 3*c - 53. Calculate the remainder when l(-1) is divided by 29.
24
Suppose 4*k + 5744 = 2*o, 2*o + 853*k - 854*k - 5732 = 0. Calculate the remainder when o is divided by 10.
4
Suppose 0 = b - 5*b - 16. Calculate the remainder when 44 is divided by (-913)/(-33) - b/(-6).
17
Suppose 4 = -5*q + 7*q. Let w be -4 + (-6 - (-4 + q)). What is the remainder when w*((-2 - -3) + -3) is divided by 10?
6
Calculate the remainder when (677 - -23) + 5/1 is divided by 1.
0
Suppose -1177 = -3*f - 3241. Let v = -631 - f. Calculate the remainder when v is divided by 44.
13
Suppose -248 = -f - 3*f. What is the remainder when f is divided by 378/15 - 132/110?
14
Let i(r) = 2*r**2 + 8*r + 41. What is the remainder when i(-6) is divided by 984/54 + (-6)/27?
11
Let u = 7316 + -7285. Calculate the remainder when 513 is divided by u.
17
Suppose -66 = -2*i - 0*i. Let u = 3043 - 2959. Calculate the remainder when u is divided by i.
18
Let w = -29782 + 29794. Calculate the remainder when 289 is divided by w.
1
Let a = -1097 - -1273. What is the remainder when 510 is divided by a?
158
Suppose 28*l + 41770 = 451*l + 4123. What is the remainder when l is divided by 44?
1
Suppose 6*x - 246 = 4*x. Suppose r = -2*v + x, -3*v + r + 187 = 5*r. Let c = v - 42. Calculate the remainder when 34 is divided by c.
15
Suppose 2*u + 141 = 547. Calculate the remainder when u is divided by 135.
68
Suppose 280*n = 281*n + 45. Suppose 0 = 2*z - 15 + 1. Calculate the remainder when -1 + 2166/45 + 6/n is divided by z.
5
Let s(r) = -3*r + 3 + 3 + 2*r + 24. Calculate the remainder when 145 is divided by s(9).
19
Suppose 18*w + 4*w = 98*w - 10108. Calculate the remainder when 601 is divided by w.
69
Suppose -57*y + 351 = -30*y. Let g(d) = d**2 - 6*d - 49. Calculate the remainder when 502 is divided by g(y).
40
Suppose 10 = -d + 6*d, 0 = f - 4*d - 31. Suppose -593 = -16*n + 2479. What is the remainder when n is divided by f?
36
Suppose -10*a + 19*a = 1116. Let b = 415 + -382. What is the remainder when a is divided by b?
25
Let g = 13499 - 13353. What is the remainder when 686 is divided by g?
102
Let x(r) = -8*r - 3. Let h = -16267 - -16499. What is the remainder when h is divided by x(-2)?
11
Let y = -187 - -228. Suppose -370 - 482 = -3*d. What is the remainder when d is divided by y?
38
Suppose -226 = -b + 310. What is the remainder when b is divided by 535?
1
What is the remainder when 631 is divided by (-7)/(119/442) + 236?
1
Let w(l) = 2*l**2 + 25*l + 230. What is the remainder when w(0) is divided by 33?
32
Let m(l) = -170*l - 319. Calculate the remainder when m(-4) is divided by 13.
10
Let m(n) = 5*n**2 - 4*n. What is the remainder when (-72)/(-1) - (-402)/201 is divided by m(-2)?
18
Suppose 5*q + y = 635, 5*q = -2*y - 3*y + 655. Suppose q = 8*r - r. What is the remainder when 51 is divided by r?
15
Suppose 4*s - 32 = 2*s + 5*c, -5*c - 14 = s. Suppose 15*h = 20*h + 10. What is the remainder when (3 + (-4 - h))/((-1)/(-20)) is divided by s?
2
Suppose -12*q - 13*q + 84558 = -19*q. Calculate the remainder when q is divided by 18.
17
Let k be (9/(-6))/((-4)/8). Suppose -85 = -q - 5*r, -6*q + 381 = -q + k*r. Let t = -51 + q. What is the remainder when 69 is divided by t?
21
Suppose 5*u = -93 - 7. Let m = u - -32. Suppose -m = 2*w - 34. What is the remainder when w is divided by 4?
3
Suppose 0*a + 111 + 189 = 4*a. Calculate the remainder when 375 is divided by a.
0
Suppose -2*b = -16, -3*n + 19*b - 24*b = -616. Calculate the remainder when n is divided by (2 - 0)/((-4)/(-26)).
10
What is the remainder when 31 is divided by 4/(((-20)/(-36))/(30/9))?
7
Let m(f) = -5*f**3 - 6*f**2 - 111*f - 410. Calculate the remainder when m(-4) is divided by 22.
16
Suppose -167 = -3*y + 247. Let s(j) = j**3 + 15*j**2 - 10*j + 144. Calculate the remainder when y is divided by s(-16).
42
Let d be (-1 - -4)/(-3 - (-72)/16). Let r(l) = -l**3 + l + 94. What is the remainder when r(0) is divided by (-87)/d*2/(-3) + -3?
16
Suppose -113*b = -138*b + 10400. Calculate the remainder when b is divided by 90.
56
Let o(r) = 2*r**2 + 97*r + 171. What is the remainder when o(-52) is divided by 49?
45
Suppose 2883 - 10975 = -28*v. Suppose s - 145 = -b, -2*b + 0*s = 3*s - v. Calculate the remainder when b is divided by 37.
35
Let d = -13905 + 13920. What is the remainder when 1501 is divided by d?
1
Let a(k) = 2*k**3 + 37*k**2 - 135*k - 94. Calculate the remainder when a(-20) is divided by 64.
62
Let z be (-18)/(2*(21/(-12) + 2)). Let y be (z/(-16))/(9/12). Let i = 59 + y. What is the remainder when i is divided by 11?
7
Let s(q) = -q**3 - 37*q**2 + 112*q - 299. What is the remainder when (36 - -3)*(-2)/(-2) is divided by s(-40)?
18
Let g = 50216 + -50063. Let u = 35 - 4. What is the remainder when g is divided by u?
29
Let n(q) = -q**3 + 13*q**2 - 7*q - 53. Let b be n(16). Let c = 998 + b. Calculate the remainder when 215 is divided by c.
20
Suppose 30*k - 1018 = -208. What is the remainder when 101 is divided by k?
20
Let f(m) = -1734*m + 12167. Calculate the remainder when 3955 is divided by f(7).
11
Let l = 37 + -20. Suppose -2*h + 1172 = -2*a, -18*h - 5*a + 616 = -l*h. What is the remainder when h is divided by 33?
30
Suppose 2*j = -6*j + 192. Suppose p - u = 2*u - j, -p = -2*u + 21. What is the remainder when 161 is divided by ((-6)/p + 2)/(8/180)?
53
Let d(i) = 16*i + 78. Suppose 0 = 3*o + 5*x - 11, -4*o - 7 = -x + 9. Let u(j) = -j**2 - 5*j + 3. Calculate the remainder when d(-4) is divided by u(o).
5
Let j(p) = -303*p**3 - p**2 - 2*p - 1. Calculate the remainder when j(-1) is divided by (-84)/8*4176/(-2436).
15
Suppose w + c = 546 + 471, -2*w + 2048 = -5*c. What is the remainder when w is divided by 209?
183
Calculate the remainder when 455 is divided by 367/8 + 2465/136 + -18.
41
Suppose 0 = -5*b + 3*i + 1442, 2*i + 259 + 321 = 2*b. Suppose 0 = -285*m + b*m - 45. Calculate the remainder when 220 is divided by m.
40
Let q = 16 + -7. Suppose 2*g - 609 = -1707. Let r = g - -638. Calculate the remainder when r is divided by q.
8
Let t(q) = -2*q**2 + 7*q - 3. Let p be 1/((-2)/(-3))*(-272)/(-204). Let s be t(p). Suppose 287 = s*u + 185. Calculate the remainder when u is divided by 12.
10
Suppose 47*l - 3073 = 40*l. What is the remainder when l is divided by (-98)/12*